 factor of 48 and w?
16
Suppose 15*n - 491 + 71 = 0. What is the greatest common factor of 56 and n?
28
Let t be 254/3 - (-4)/(-6). Let j = 43 + -38. Let u(y) = 3*y**2 - 4*y + 1. Let z be u(j). What is the highest common factor of t and z?
28
Suppose -13*w - 149 = 384. Let v(n) = -2*n**3 - 8*n**2 + 8. Let q be v(-6). Let i = q + w. Calculate the greatest common factor of i and 74.
37
Let o(l) = -7*l - 26. Let q be o(-5). Suppose 402 = q*b - 3. What is the greatest common divisor of b and 18?
9
Let w be 116/10 - (22/(-5))/11. Suppose -4*v - 244 = -4*a, -5*v = -3*a - 0*v + 185. Calculate the greatest common factor of w and a.
12
Let b(n) be the second derivative of n**4/12 - 10*n**3/3 - 6*n**2 + 24*n. Let v be b(21). Calculate the greatest common divisor of 108 and v.
9
Let m(j) = -j**3 - 6*j**2 + j. Let c be m(-6). Let o be (1 + 14/4)*(-7 + 3). Let i = c - o. Calculate the highest common divisor of i and 12.
12
Suppose -2*z + 49 = -4*n + 293, -307 = -5*n + 3*z. Suppose 0 = -3*i + 479 - n. Calculate the highest common factor of i and 35.
35
Let z(u) = 2*u**2 - 44*u + 66. Let f be z(21). What is the greatest common factor of 60 and f?
12
Let g(x) = 2*x + 2. Suppose 0 = 2*d - 0*d - m - 14, d - 3*m = 17. Let f be g(d). Let r = 167 - 137. What is the greatest common divisor of r and f?
6
Let v = 48 - -936. Let y be (v/(-9))/(-4)*-3. Let m = -7 - y. Calculate the highest common divisor of 30 and m.
15
Suppose -19*q + 22*q - 273 = 0. Suppose 5*r - 3*h = h + 25, 0 = -3*h. Suppose -4*z + r*z - 13 = 0. Calculate the highest common factor of z and q.
13
Suppose 5*h - 51 = t, 2*h = -t + 6 + 13. Suppose 0 = 2*f + 5*k + 2, 3*f - k - 2*k = 18. What is the greatest common divisor of f and h?
2
Let h(u) = u**2 - 53*u + 245. Let g be h(48). What is the highest common factor of g and 135?
5
Let m = 105 + -97. Let t be ((-68)/m)/(4/(-8)). What is the greatest common factor of 153 and t?
17
Let m be (3 + -4)/(3/9). Let k be ((-6)/(-6))/(m/(-3)). Suppose 2*f - 5 = -5*y + 17, 4*y = 0. Calculate the greatest common factor of k and f.
1
Let b be (-3 - -7)*(0 + (-150)/8). Let z = -42 - b. Let i be 2*(-1)/(2/(-22)). Calculate the greatest common factor of i and z.
11
Let v be (0 - 4/6)*93. Let k = v + 71. Calculate the highest common factor of k and 99.
9
Let l(r) = 1588*r - 224. Let j be l(2). Calculate the highest common factor of j and 82.
82
Let l(z) = -3*z + 18. Let x(v) = -5*v - 14. Let r be x(-4). Let y be l(r). Let f be -1*(-3 - (y - -21)). What is the highest common divisor of f and 168?
24
Let a be 138*(-6 + -1 - 720/(-96)). Calculate the greatest common factor of a and 138.
69
Let k = -742 - -747. Calculate the highest common divisor of 610 and k.
5
Suppose 5*u = 2*j - 5*j + 63, 5*j - 121 = -3*u. Let h = j + -16. Let w be (-1 + 3)/(1/h). Calculate the greatest common factor of 10 and w.
10
Let b(u) = -3*u + 23. Let p be b(13). Let c be (10 + p)/(-1 + 0). Calculate the highest common factor of 9 and c.
3
Let d = -711 - -799. What is the highest common factor of 22 and d?
22
Let k be (2 + -52)/((-8)/28). Calculate the highest common factor of 25 and k.
25
Let h = 4 - 0. Suppose -2*x - d + 36 = -23, -3*d + 81 = 3*x. What is the highest common divisor of h and x?
4
Suppose -4*c + 7 = -1. Suppose 31 = -h + c*h. Let s = 35 - 4. What is the greatest common divisor of h and s?
31
Suppose -42*w + 252 = 4*t - 47*w, 0 = 2*t - 3*w - 126. Let b be 3*(-2 - 4/3). Let n = 52 + b. What is the greatest common factor of t and n?
21
Let r(h) = 9*h**3 + 4*h**2 - 2*h. Let c be r(1). What is the greatest common divisor of c and 4?
1
Suppose 3*n = -80 - 4. Let y = n - -68. What is the greatest common divisor of y and 160?
40
Let r = 47 + -6. Suppose 5*d + 2*i = r, 2*d - 44 = -2*d + 4*i. Let s be ((-546)/(-26))/(1/12*4). Calculate the highest common factor of d and s.
9
Suppose -68 = 7*j - 5. Let c be ((-14)/10)/(j/165)*15. What is the highest common divisor of 55 and c?
55
Let x(q) = 2*q - 6. Let c be x(4). Suppose -c*i + 25 = -85. Suppose 4*r - 24*k = -23*k + 47, -r - 2*k = -5. Calculate the greatest common factor of r and i.
11
Suppose -4*z - 4*y = -1028, 2*z = -27*y + 22*y + 502. What is the highest common divisor of z and 29?
29
Suppose -42*a + 14*a = -756. What is the highest common divisor of 999 and a?
27
Let w = 237 - 53. Let v be (-10 + -3)*-2 - (-6)/(-2). What is the greatest common factor of v and w?
23
Let m = 24 + -3. Suppose -8*x + 27 + m = 0. What is the greatest common divisor of 18 and x?
6
Let l be -2*1*6/(-4). Suppose -114 = -0*n - l*n - 2*y, 4*n + 2*y - 154 = 0. What is the greatest common factor of n and 4?
4
Suppose 374 = 4*j - 13*w + 11*w, 3*j = -4*w + 253. What is the greatest common factor of 13 and j?
13
Let u be -3 + 8 + 25 + 0/1. What is the greatest common factor of 345 and u?
15
Let k(g) = g**3 - 10*g**2 - 9*g - 6. Let c be k(12). Calculate the greatest common factor of 6 and c.
6
Let v be -3 + (2 + 1 - -15). Let p = 5 + v. What is the greatest common factor of 60 and p?
20
Suppose -c + 2*a - 7*a + 75 = 0, -4*c + 420 = -4*a. Let f be -32*(15/(-6) + 3). Let o = f + 36. What is the highest common factor of c and o?
20
Let d(f) = -f**3 + 11*f**2 + f - 2. Let n be d(11). Suppose -5*v + 20 = 2*z - n, 0 = -3*z - 3*v + 39. Calculate the highest common factor of 60 and z.
12
Suppose -4*j - 4*n + 100 = 0, -4*j - 2*n = j - 125. Suppose -102 = -4*i + 4*k - 22, 2*i + 4*k - 70 = 0. Calculate the highest common divisor of i and j.
25
Suppose -3*b + 120 = 9*b. What is the highest common divisor of b and 2?
2
Let l be (-3)/(2/(32/(-6))). Let n = -10 + 30. Calculate the highest common divisor of n and l.
4
Let w = -21 - -23. Let m = w + 1. Suppose -n = m*v + 1 - 2, 5*n + 3*v = 65. What is the highest common factor of 40 and n?
8
Suppose 233*m - 258*m = -150. What is the greatest common factor of 48 and m?
6
Let j(o) = o**2 - 10*o - 7. Let u be j(10). Suppose -4 = -d + 5. Let w = d + u. Calculate the highest common factor of 1 and w.
1
Suppose 2*y - 3*w = -2*w + 921, -y + 458 = -w. Calculate the greatest common factor of y and 1.
1
Suppose 7*y - 7 = 21. Let c(s) = s**3 + 5*s**2 + 2*s + 7. Let b be c(-5). Let z be (20/25)/(b/(-45)). What is the highest common divisor of y and z?
4
Let g(a) = a**3 + 9*a**2 - a + 7. Let c be g(-9). What is the highest common factor of 904 and c?
8
Let t(j) = j**2 - j - 56. Let i be t(-7). Suppose 9*u = -i*u + 27. Calculate the highest common divisor of u and 18.
3
Let k = -142 - -157. What is the highest common factor of k and 9?
3
Let r(q) = q + 1. Let k(b) = 2*b**2 - 23*b + 2. Let c(l) = -k(l) + 4*r(l). Let s be c(13). Calculate the highest common divisor of s and 120.
15
Suppose -36 = n - 4*n. Suppose 2*d - 24 = 180*y - 176*y, -4*d - y = -12. What is the greatest common divisor of n and d?
4
Let f(n) = -n**2 - 13*n - 3. Let s(c) = c - 4. Let q be s(12). Let t be -10 - (-2)/q*0. Let b be f(t). What is the greatest common factor of b and 216?
27
Let b be (-4658)/(-7) - (-60)/(-140). Suppose -5*i + h + b = 2*h, -5*h - 239 = -2*i. Calculate the highest common divisor of 33 and i.
33
Suppose -4*c - c - 55 = 0. Let g(p) = -p**3 - 10*p**2 + 10*p - 13. Let j be g(c). Let m be j + 15*6/9. What is the highest common factor of m and 2?
2
Let t be 9/((-9)/2) - (-69)/3. What is the greatest common factor of t and 273?
21
Let w = 561 - 545. Calculate the greatest common divisor of 256 and w.
16
Let z(c) = -c**2 - 8*c - 3. Let f be z(-5). Suppose a = -f + 100. Let n = 15 - 7. What is the highest common divisor of n and a?
8
Let g(w) = -w + 1. Let t be g(11). Let p be t/(-8) + (-15)/(-20). Suppose -p*h + 330 = 44. What is the highest common divisor of h and 13?
13
Let g be 1*-1*1 + (52 - -369). Let v be (-1)/(-3 - g/(-141)). Calculate the highest common divisor of 47 and v.
47
Let q = 24 - 8. Suppose -4*w + 4*o + 4 = -0*o, 0 = w + 2*o - q. Let u(j) = j**2 - 5*j - 4. Let s be u(w). Calculate the highest common divisor of s and 5.
1
Let r = 43 - 41. Suppose 3 = p + r*p. Let o = 14 - 6. Calculate the greatest common factor of o and p.
1
Let b(o) = 16*o - 6 + o**2 + 21 - 9. Let l be b(-18). Suppose -3*p - 2*p = -140. Calculate the greatest common factor of p and l.
14
Let o = -3011 - -3025. Calculate the greatest common factor of 18 and o.
2
Let k(h) = 